is divided by 50.
29
Let s = -22143 - -25037. Calculate the remainder when 2904 is divided by s.
10
Suppose 64*r = 61*r - 9. What is the remainder when (-5)/5 - r*(-30)/(-2) is divided by 16?
12
Let q(g) = -g**3 - 2*g**2 + g - 6. Let n(a) = 2*a**2 - a - 39. Let s be n(0). Let t = s - -35. Calculate the remainder when 108 is divided by q(t).
20
Let i = -10 + 20. Suppose -3*p + 4 = -4*v - 9, -4*p + i = 2*v. What is the remainder when 52 is divided by ((-6)/(-3) - p) + 12?
8
Suppose 23803*g - 23780*g = 529. What is the remainder when 174 is divided by g?
13
Calculate the remainder when 146 is divided by 1/((-248)/93 + (2 - -1)).
2
Let z = 236 + -240. Let t(h) = -26*h - 1. What is the remainder when t(z) is divided by 15?
13
Suppose -45 = 3*w + 3*x + 9, 2*w = 2*x - 28. Let z be (w/6)/((-3)/18). Calculate the remainder when 11 is divided by 4*-3*(-4)/z.
2
Let l be (2 - (-3 - 25))/1. Suppose 122 = 4*f - 190. What is the remainder when f is divided by 136/5 - 6/l?
24
Let d be (-1 - (-14)/4)*-2. Suppose -50*g = -4*r - 46*g + 20, -3*r - g + 15 = 0. Calculate the remainder when 47 is divided by d/(-1)*(44/r + -4).
23
Let y(m) = -6*m**3 - 58*m**2 + 21*m + 42. Calculate the remainder when 3037 is divided by y(-10).
29
Suppose -12*v - 798 = -54*v. Suppose v*p - 25*p = -6. Calculate the remainder when 5 is divided by p.
0
Suppose -36*z = -259 - 137. Suppose 121 = z*s - 693. Calculate the remainder when s is divided by 20.
14
Let f = -12670 + 14186. Calculate the remainder when 3038 is divided by f.
6
Let t = -5847 - -5976. Calculate the remainder when t is divided by 72.
57
Suppose -5*f + 561 = -2*d - 493, -2*f - 3*d + 433 = 0. Calculate the remainder when f is divided by 30/2*576/120.
68
Suppose -p = -6*p - 40. Calculate the remainder when 443 is divided by p/(68/(-12) + 5).
11
Suppose -50*r + 48*r - 1922 = -2*j, -4*j - r = -3824. Calculate the remainder when j is divided by 40.
37
Let l(b) = -8*b - 7. Let d = 293677 - 293576. What is the remainder when d is divided by l(-5)?
2
Let k = -22368 + 22452. What is the remainder when 350 is divided by k?
14
Let o(u) = u**3 - 16*u**2 + 16*u. Let q(j) = -3*j + 7*j**2 + 0 - 7*j - 3*j + 4. Calculate the remainder when q(3) is divided by o(15).
13
Suppose 48 = 2*o + 6*m, -13*o - 4*m = -10*o - 97. Calculate the remainder when 3271 is divided by o.
34
Let k be (0 + 910)*5/10. Suppose -n = -3*z - 30 - 41, -5*z + k = 5*n. Calculate the remainder when n is divided by 29.
28
Suppose 6*s = -7*s + 65. Let o be 1/(-2 - (-309)/153). Suppose s*y - w = 8 + 106, 0 = 2*y + 5*w - o. What is the remainder when 91 is divided by y?
22
Calculate the remainder when -4 + -3 + 14 + (8 - (-805 - 0)) is divided by 15.
10
Suppose -131 = -10*i + 9*i. Suppose -11*b + 168 = -96. Calculate the remainder when i is divided by b.
11
Let c = 143 - 140. Suppose -3*u = t - 244, c*u = -u + 4*t + 336. What is the remainder when u is divided by 14?
12
Suppose 0 = 3*a - 6*a + 357. Let o = a - 37. Let f = 94 - o. What is the remainder when 83 is divided by f?
11
Suppose 0 = 7*j - 3*j - 116. Suppose -19*k + 25*k - 18 = 0. Suppose -7*r + 2*r = -4*f + 24, 24 = 4*f - k*r. Calculate the remainder when j is divided by f.
5
Let h = -4312 - -4447. What is the remainder when 417 is divided by h?
12
Let p = 1259 - -279. Calculate the remainder when p is divided by 153.
8
Let m(s) = -s**3 + 29*s**2 + 41*s - 123. Calculate the remainder when m(29) is divided by 266.
2
Let o = 934 + -909. Calculate the remainder when o is divided by 23.
2
Let b(d) = 2*d**3 + 9*d**2 + 50. Calculate the remainder when 1896 is divided by b(-5).
21
Let d(w) = w**3 + 26*w**2 - 63*w - 34. Let n be d(-28). Calculate the remainder when 7/14*2*n/3 is divided by 19.
16
Let b = -321 - -365. What is the remainder when 988/b + (-12)/(-22) is divided by 1?
0
Suppose -216*f + 38 = 2*k - 212*f, 25 = 3*k - 2*f. What is the remainder when k is divided by 3?
2
Suppose 4*u - 32 = -4*a, 6*u = 3*u + 3*a - 6. What is the remainder when ((-6)/u)/((-2)/58) is divided by (-34 + 59)*(-8)/(-10)?
18
Let l(a) = 14*a**2 - 12*a + 12. Let u be 1/6 + ((-1150)/(-60))/23. What is the remainder when 190 is divided by l(u)?
8
Suppose 67*y - 26766 = -11*y + 61374. Calculate the remainder when y is divided by 10.
0
Suppose 0 = -5*k + 10, 2*v - 3*v = 3*k - 36. What is the remainder when ((-31)/(-9) - 308/693) + 80 is divided by v?
23
Let c be 40/(-5)*(3/(-12) - -2). Calculate the remainder when (-3 + 15)/((-3)/c) is divided by 16.
8
Let r = -87 + 242. Let i(u) = -2*u - 130 + r + 3*u. Calculate the remainder when i(14) is divided by 8.
7
Suppose 0 = -5*y + 2*z + 29, 6*y - 4*y + 5*z = 29. Suppose 0 = 5*a - j - 49, -3*j + y + 46 = 5*a. What is the remainder when 318 is divided by a?
8
Let m(v) = v**3 - 26*v**2 - 28*v + 50. Let w be -4 + 34/10 + (-1218)/(-5). Suppose -9*x = -0*x - w. What is the remainder when 67 is divided by m(x)?
21
Let q(b) = b**2 + 19. Let l be 0*(1 - (-2)/(-4)). Let v(s) = 11*s**2 - 100*s - 306. Calculate the remainder when v(-3) is divided by q(l).
17
Suppose 82*j + 13574 = 496*j - 78334. What is the remainder when j is divided by 194?
28
Suppose -n = 5*z - 13765 - 6068, -z + 3981 = 5*n. Calculate the remainder when z is divided by 16.
14
Suppose -x + 31 = -5*o, 25*o + 117 = 3*x + 22*o. Let i(a) = 2*a**2 + 12*a - 3. What is the remainder when i(-10) is divided by x?
36
Suppose -2*u - 9*u = -7*u. Suppose u*c - 6*c = 0. Suppose -3*v - 7*v + 100 = c. Calculate the remainder when 23 is divided by v.
3
Let a be 1*(-6 + 17/(102/36)). Let s(i) = -i**2 + i + 237. What is the remainder when s(a) is divided by 40?
37
Suppose 0 = -87*u + 115*u + 252*u - 30800. What is the remainder when 226 is divided by u?
6
Let z = -46 - -68. Suppose -3*j + 5*a - 2*a - 9 = 0, 2*j + a = -9. Calculate the remainder when z is divided by -16*j/(-16)*-2.
6
Let n(f) = f**3 - 52*f**2 + 329*f - 63. Calculate the remainder when n(49) is divided by 103.
100
Let n = -178 - -182. Suppose -2*i - 5 = 3*t, -4*i - t + 11 + n = 0. What is the remainder when 12 is divided by i?
2
Suppose -2*g + 4 + 14 = 0. Suppose 33382 - 116410 = -1628*c. Calculate the remainder when c is divided by g.
6
Let n = -40 + 34. Let i(x) = -x**3 - 6*x**2 + 7. Let l be i(n). Suppose -5*g + 5*t = -5, l*g - 7 = 4*g - t. Calculate the remainder when 3 is divided by g.
1
Suppose 143*p = 96*p + 658. What is the remainder when 304 is divided by p?
10
Suppose 0*a + 128 = a. Suppose -2*h = 30 + a. Let y = -57 - h. What is the remainder when y is divided by 8?
6
Let i = -989 - -1088. What is the remainder when 316 is divided by i?
19
Suppose -27 = -5*b + 53. Let z = -3220 - -3292. Calculate the remainder when z is divided by b.
8
Suppose 4*h - 27 = -k, 4*k - 3*h = -4*h + 78. Let q(f) = 7*f**2 - 588*f + 95. What is the remainder when q(84) is divided by k?
0
Let y = 80154 - 79679. Let d(p) = 28*p**2 - p - 1. What is the remainder when y is divided by d(-1)?
27
Let u(i) be the first derivative of 16*i**2 - 4. What is the remainder when u(1) is divided by (-1155)/(-126) + (-2)/12?
5
Suppose -27 = -17*k + 8*k. Suppose 3*m + 6 = 0, -k*d - 2*m = -4*d + 34. What is the remainder when d is divided by 3?
0
Let r = 1744 + -1728. What is the remainder when r is divided by 5?
1
Let n = -399 - -479. Suppose o + k = -13 + 53, 2*k + n = 2*o. Calculate the remainder when 142 is divided by o.
22
Let j = 8674 - 8665. Calculate the remainder when 2851 is divided by j.
7
Suppose -3*k = 2*k - 40. Let u(j) = j**2 + 70*j + 1023. What is the remainder when u(-50) is divided by k?
7
Let y(h) be the second derivative of -7*h**3/6 - 34*h**2 + 8*h + 15. What is the remainder when 34 is divided by y(-13)?
11
Suppose 30*n - 3*n = 0. Suppose -y - 203 + 266 = n. Calculate the remainder when 222 is divided by y.
33
Suppose -3*u = 5*g - 35, 16*g - 17*g - 2 = 0. What is the remainder when 4/(20/5) + 264 is divided by u?
10
Let r(n) = -21*n - 115. Let a(f) = f**3 + 11*f**2 - 4*f - 20. Calculate the remainder when r(-9) is divided by a(-11).
2
Suppose -3997*k + 750 = -3941*k - 83978. What is the remainder when k is divided by 13?
5
Let q = -86 - -103. What is the remainder when ((-10)/6 + (-4)/(-3))*-303 is divided by q?
16
Let q(k) be the third derivative of -k**4/6 + 2*k**3 - 13*k**2. Let b be q(2). Suppose 26 